x, x + 5*w = b. Calculate the highest common divisor of 11 and x.
11
Let f be (-162)/(-12)*22/3. What is the highest common divisor of f and 9?
9
Let f = -71 - -106. Let t(o) = -2*o - 7. Let a be t(-5). Suppose 73 = a*i + 31. Calculate the highest common factor of i and f.
7
Let d be -5*(-18)/(-12)*8/(-6). Calculate the highest common factor of 70 and d.
10
Let z be 4/(-6) + (-299)/(-3). Suppose -5*d = 3*k - 29, -33 = -0*d - 5*d - k. Suppose d = 4*a - 29. What is the greatest common factor of z and a?
9
Let d(s) = -s + 3. Let l be d(0). Suppose -4*a + l*a - c + 11 = 0, -3*a + 32 = 4*c. Let m = -6 + 9. What is the highest common divisor of a and m?
3
Let v(c) = -15*c**2 - 1. Let j be v(2). Let f = -43 - j. Calculate the greatest common factor of f and 12.
6
Suppose j - 3*j + 30 = 0. Suppose c + g = -4*g - 44, 0 = 3*c + 4*g + 77. Let p be (-1 + c/(-4))*44. Calculate the highest common divisor of p and j.
15
Let i(h) = 9*h - 17 + 4*h**2 + 22 - 4*h**2 + h**2. Let s be i(-10). What is the greatest common factor of s and 45?
15
Let n be (-8)/(-32) - 2/8. Suppose -2*p - 2*v - 935 = -7*p, 3*v = n. What is the highest common divisor of p and 17?
17
Let l be 4 - (1138/(-16) - (-1)/8). Calculate the highest common divisor of 25 and l.
25
Let y(n) = -n + 3. Let u be y(4). Let o be (-14)/(-2)*2 + u. What is the highest common divisor of 91 and o?
13
Suppose 6*u + 20 = 2*o + 2*u, 0 = -3*o + 2*u + 50. Let l be 0/(-6) + 20*7. What is the highest common divisor of o and l?
20
Let q be -1*3 - (-2 + -23). Calculate the highest common factor of 66 and q.
22
Let o be 1/((10/12)/5). Suppose -o*c = -2*c - 96. Suppose 0 = -4*q - 3*l + 5 + 32, 4*l + c = 2*q. Calculate the greatest common factor of 50 and q.
10
Suppose 2*i = -2*i. Let n = 17 + i. What is the highest common factor of 68 and n?
17
Let n = 15 + -7. What is the greatest common factor of n and 20?
4
Suppose 0 = z - b - 15, 4*z - b = b + 66. What is the greatest common factor of z and 6?
6
Let r(f) = -25*f**2 + 21*f + 3. Let j(y) = 6*y**2 - 5*y - 1. Let v(w) = 9*j(w) + 2*r(w). Let u be v(3). What is the highest common divisor of 8 and u?
8
Let v(t) = t**3 + 5*t**2 + 2. Let r be v(-4). Let s be ((-6)/7)/(3/(-252)). What is the highest common divisor of s and r?
18
Suppose -15 = 3*c - 6*c. What is the highest common factor of c and 25?
5
Suppose a - 75 = 3*r + 27, -471 = -5*a + 2*r. Let v = -13 + a. Calculate the highest common factor of v and 16.
16
Let a = 1 + 1. Suppose -a*f = 4*u - 10, -5*f = u + u - 17. Suppose -4 = -k - 2*d + d, u = d. Calculate the highest common divisor of k and 3.
3
Let t be 6/(-3) - 3 - 0. Let x be (-135)/9*36/t. Let z(w) = -w**3 + 6*w**2 + 2. Let n be z(5). What is the greatest common factor of x and n?
27
Let v be (0 + 2)/(1/23). What is the highest common factor of 115 and v?
23
Let o = -10 - -38. Calculate the greatest common divisor of o and 4.
4
Let b = -2 + 9. Let h(o) = -2*o + b*o + 9*o - 1. Let f be h(1). Calculate the greatest common divisor of 91 and f.
13
Suppose 0*c = 3*c - 207. Calculate the highest common divisor of c and 23.
23
Suppose 6*z - 3*z - 68 = -u, -z = -4*u - 40. Let k = 2 + 4. What is the highest common divisor of z and k?
6
Let m(v) be the second derivative of 19/6*v**3 - 3/2*v**2 + 0 - v. Let f be m(2). Calculate the highest common divisor of f and 7.
7
Let m(z) = 3*z + 53. Let a be m(-6). What is the highest common factor of 5 and a?
5
Let r = 9 + 10. Let m = -11 - -30. What is the highest common factor of m and r?
19
Suppose r = 3*r + 4, -3*r = 4*l - 6. What is the greatest common divisor of l and 18?
3
Let q = 12 + -6. Suppose 41 = 3*c + 5. What is the highest common divisor of q and c?
6
Suppose -4*j = -j - 2*g - 24, 37 = 4*j - g. Suppose -4*h + x = -146 - 57, 0 = 2*x - j. Calculate the highest common factor of h and 13.
13
Let o be (-2)/(-1 - (-110)/112). Let s be (2/(-3))/(((-133)/(-168))/(-19)). What is the greatest common divisor of o and s?
16
Suppose 5*p = -4*r + 45, -18 = 3*r + 4*p - 53. Let s be 4/5*(r + 40). What is the highest common divisor of s and 12?
12
Let q(d) = 2*d**2 - 15*d - 1. Let k be q(11). What is the greatest common factor of k and 19?
19
Let c = 7 - 4. Suppose -c - 3 = -2*p. Suppose -m = -p*m + 96. Calculate the greatest common divisor of 6 and m.
6
Suppose -4*b + 3 = -u - 20, -5*u + 4*b = 35. Let c = -1 - u. Calculate the greatest common factor of 5 and c.
1
Let q(u) = u**3 - 3*u**2 + u + 5. Let b be q(7). Let w(s) = -8*s - 6. Let p be w(-4). Calculate the highest common divisor of p and b.
26
Let l be 15/6*(-18)/(-5). Suppose 3*y = 9, 0 = -3*i - 5*y + 2*y + 36. What is the highest common divisor of l and i?
9
Let t be 0 + 16/(-3)*-3. Let b = t + -37. Let c be (-4 + 5)/((-1)/b). Calculate the greatest common factor of c and 7.
7
Suppose -w = -2*a - a - 4, -2*a = 2*w - 8. Suppose 0 = -w*g + 4*s + 52, -66 = -4*g - s - 2*s. What is the highest common divisor of g and 60?
15
Let r(b) = -9*b. Let d be r(-2). Suppose -76 = 2*k + d. Let i = 43 - k. Calculate the greatest common divisor of i and 10.
10
Suppose -w - 5*d = w + 21, 2*w - d - 9 = 0. Let y be w/6*0 + 25. Calculate the highest common divisor of 10 and y.
5
Let b = -9 - -6. Let p(c) = -c + 4. Let s be p(b). What is the highest common factor of s and 63?
7
Suppose 276 = t + t. Suppose -5*c = -2*q + 31, -3*c - 3 = -12. Calculate the highest common divisor of q and t.
23
Let k(x) be the third derivative of -x**6/120 - x**5/10 - x**4/4 - x**3/6 - x**2. Let y be k(-5). What is the highest common divisor of 44 and y?
4
Let o(x) = 3 - 3 - 4*x**2 - 3*x + x**3 + 2. Let t be o(5). Suppose 0 = -6*b + 4*b + 60. What is the greatest common factor of b and t?
6
Let i = 4 + -1. Suppose -i*d + 4*l = -164, 5*d - l - 3*l = 276. Calculate the greatest common factor of 14 and d.
14
Suppose -5*w = -28 - 17. What is the highest common factor of 36 and w?
9
Let b be (-42)/1*(-3)/(-9)*-3. Calculate the greatest common factor of 6 and b.
6
Suppose -2*a - 185 + 75 = 0. Let q = -33 - a. Suppose 5*v - 3*y = 2*y + 270, -4*v + 219 = -y. Calculate the highest common divisor of v and q.
11
Let r(w) = 2*w**2 - 9*w - 8. Let o be r(7). Calculate the highest common divisor of o and 3.
3
Let y be (24 - -1) + 2 + 4. Calculate the greatest common factor of y and 93.
31
Suppose -2*r + 3*g + 11 = 0, -g + 18 = r + 5. Let a(v) = v**2 - 10*v + 4. Let i be a(r). What is the highest common factor of i and 20?
4
Let y(w) = 1 + 2*w**3 + 0*w**3 + 1 + 3*w - 3 - 5*w**2. Let i be y(3). What is the greatest common divisor of 34 and i?
17
Suppose -7 = -5*j + 8. Suppose 4*i = j*i + 33. Calculate the highest common factor of i and 3.
3
Let c = 28 + -24. Let m be 72/(-7)*(-42)/c. What is the highest common divisor of 12 and m?
12
Suppose -672 = -13*x - 3*x. What is the highest common factor of x and 12?
6
Suppose 0 = -2*q - u + 93 - 13, 0 = -4*u - 16. Calculate the highest common divisor of 28 and q.
14
Suppose -u + 5*p + 12 = 0, p + 0 = 2*u - 6. Let f = 4 + u. Suppose 7 = -4*s + 23, -5*s = -x + 46. Calculate the highest common factor of x and f.
6
Let o be 34/(-10) + 4/10. Let n(b) = -b + 4. Let f be n(o). What is the highest common factor of f and 49?
7
Suppose -n + 3*f + 7 = 0, n = 2*f - 3 + 11. Suppose 9 = 3*m - u, -2*u + 0 = 2*m + 2. Calculate the highest common factor of n and m.
2
Let j(s) = s**3 + s**2 + s + 68. Let y(f) = -f**2 - 9*f. Let w be y(-9). Let v be j(w). Calculate the greatest common divisor of 17 and v.
17
Let m be 4/3*225/6. Let g = 9 + -4. Suppose g*p = -25, 2*p - p - 35 = -2*a. Calculate the highest common factor of m and a.
10
Let i(n) = 7*n**2 - 2*n - 4. Let v be i(-2). What is the greatest common factor of 4 and v?
4
Let i be -10*2/(-5 + 3). Calculate the highest common factor of i and 110.
10
Let j be 4 - 4/(-6)*-3. Let p = 3 - j. Suppose -3*t - 2*t = -5. Calculate the greatest common factor of p and t.
1
Let g(l) = l + 60. Let c be g(0). Let y(n) = 3*n - 3. Let b(h) = -1. Let d(w) = 9*b(w) - y(w). Let k be d(-6). What is the highest common factor of k and c?
12
Let u(j) = -j**3 + 13*j**2 + 17*j + 13. Let n be u(14). Calculate the greatest common factor of 5 and n.
5
Let v = 0 + -1. Let y be (1 - v)/((-2)/(-18)). Let q(i) = i + 1. Let l be q(1). What is the highest common divisor of l and y?
2
Let 